 {"id":1264,"date":"2021-01-18T17:18:35","date_gmt":"2021-01-18T15:18:35","guid":{"rendered":"https:\/\/kinesis.teak.fi\/lukianos\/?page_id=1264"},"modified":"2021-09-28T16:40:36","modified_gmt":"2021-09-28T13:40:36","slug":"julkaisun-tiedot","status":"publish","type":"page","link":"https:\/\/kinesis.teak.fi\/lukianos\/julkaisun-tiedot\/","title":{"rendered":"Julkaisun tiedot"},"content":{"rendered":"\n<h2 class=\"wp-block-heading\">Tanssia antiikin n\u00e4ytt\u00e4m\u00f6ll\u00e4 \u2013 Lukianos ja tanssin puolustus<\/h2>\n\n\n\n<h3 class=\"wp-block-heading\">K\u00e4sikirjoitus ja suomennos<\/h3>\n\n\n\n<p>Manna Satama<\/p>\n\n\n\n<h3 class=\"wp-block-heading\">Kiitokset<\/h3>\n\n\n\n<p>Kirsi Monni, Arto Kivim\u00e4ki ja Riikka Korppi-Tommola<\/p>\n\n\n\n<h3 class=\"wp-block-heading\">Kansikuva<\/h3>\n\n\n\n<p>Pantomiimitanssija tai miimin\u00e4yttelij\u00e4. Italiasta per\u00e4isin oleva pienoisterrakottaveistoksen muotti (korkeus 11,43 cm), 50 eKr.\u201350 jKr. <strong><a rel=\"noreferrer noopener\" href=\"https:\/\/www.britishmuseum.org\/collection\/object\/G_1887-0725-15\" target=\"_blank\">British Museum, no. 1887,0725.15 \u00a9Trustees of the British Museum (CC BY-NC-SA 4.0)<\/a><\/strong><\/p>\n\n\n\n<h3 class=\"wp-block-heading\">Julkaisija<\/h3>\n\n\n\n<p>Taideyliopiston Teatterikorkeakoulu<\/p>\n\n\n\n<p>ISBN 978-952-353-021-8 (Open Access)<br>ISSN 2242-590X (verkkojulkaisu)<\/p>\n\n\n\n<h3 class=\"wp-block-heading\">\u00a9 2021<\/h3>\n\n\n\n<p>Taideyliopiston Teatterikorkeakoulu ja&nbsp;Manna Satama<\/p>\n\n\n\n<p>Kinesis no 12<\/p>\n\n\n\n<h3 class=\"wp-block-heading\">L\u00e4hdeviittausohje<\/h3>\n\n\n\n<h5 class=\"wp-block-heading\">Satama, Manna. 2021.&nbsp;<em>Tanssia antiikin n\u00e4ytt\u00e4m\u00f6ll\u00e4<\/em> <em>\u2013 Lukianos ja tanssin puolustus<\/em>, Teatterikorkeakoulu, Taideyliopisto, Helsinki: Kinesis 12, verkossa:&nbsp;<a href=\"https:\/\/kinesis.teak.fi\/lukianos\" target=\"_blank\" rel=\"noreferrer noopener\">kinesis.teak.fi\/lukianos<\/a>.<\/h5>\n","protected":false},"excerpt":{"rendered":"<p>Tanssia antiikin n\u00e4ytt\u00e4m\u00f6ll\u00e4 \u2013 Lukianos ja tanssin puolustus K\u00e4sikirjoitus ja suomennos Manna Satama Kiitokset Kirsi [&hellip;]<\/p>\n","protected":false},"author":2,"featured_media":0,"parent":0,"menu_order":0,"comment_status":"closed","ping_status":"closed","template":"","meta":{"_acf_changed":false,"footnotes":""},"class_list":["post-1264","page","type-page","status-publish","hentry"],"acf":[],"_links":{"self":[{"href":"https:\/\/kinesis.teak.fi\/lukianos\/wp-json\/wp\/v2\/pages\/1264","targetHints":{"allow":["GET"]}}],"collection":[{"href":"https:\/\/kinesis.teak.fi\/lukianos\/wp-json\/wp\/v2\/pages"}],"about":[{"href":"https:\/\/kinesis.teak.fi\/lukianos\/wp-json\/wp\/v2\/types\/page"}],"author":[{"embeddable":true,"href":"https:\/\/kinesis.teak.fi\/lukianos\/wp-json\/wp\/v2\/users\/2"}],"replies":[{"embeddable":true,"href":"https:\/\/kinesis.teak.fi\/lukianos\/wp-json\/wp\/v2\/comments?post=1264"}],"version-history":[{"count":17,"href":"https:\/\/kinesis.teak.fi\/lukianos\/wp-json\/wp\/v2\/pages\/1264\/revisions"}],"predecessor-version":[{"id":1453,"href":"https:\/\/kinesis.teak.fi\/lukianos\/wp-json\/wp\/v2\/pages\/1264\/revisions\/1453"}],"wp:attachment":[{"href":"https:\/\/kinesis.teak.fi\/lukianos\/wp-json\/wp\/v2\/media?parent=1264"}],"curies":[{"name":"wp","href":"https:\/\/api.w.org\/{rel}","templated":true}]}}